 of 43?
True
Does 64 divide 321873?
False
Does 157 divide 204257?
True
Does 8 divide 2241072?
True
Is 25 a factor of 3106946?
False
Does 148 divide 45732?
True
Does 706 divide 3873563?
False
Is 12 a factor of 5163815?
False
Is 331 a factor of 5749164?
False
Does 137 divide 3867373?
True
Does 66 divide 96030?
True
Is 5 a factor of 1156239?
False
Does 4 divide 183388?
True
Does 12 divide 98100?
True
Is 207625 a multiple of 100?
False
Is 754467 a multiple of 622?
False
Does 34 divide 150253?
False
Does 38 divide 426246?
True
Is 19 a factor of 468654?
True
Is 46 a factor of 3639829?
False
Is 430 a factor of 247680?
True
Does 179 divide 219276?
False
Is 398048 a multiple of 32?
True
Does 15 divide 809834?
False
Is 13915 a multiple of 11?
True
Is 122 a factor of 4992987?
False
Is 33 a factor of 5052003?
True
Is 112723 a multiple of 66?
False
Is 9216128 a multiple of 128?
True
Is 5 a factor of 179015?
True
Is 227901 a multiple of 17?
False
Is 208 a factor of 2285500?
False
Is 308 a factor of 723184?
True
Is 1293 a factor of 3101907?
True
Is 41 a factor of 15826?
True
Is 2 a factor of 10236?
True
Is 920589 a multiple of 20?
False
Does 4 divide 77668?
True
Is 130555 a multiple of 5?
True
Is 85689 a multiple of 6?
False
Is 48707 a multiple of 53?
True
Is 13 a factor of 2436213?
True
Does 10 divide 8326321?
False
Does 11 divide 492228?
True
Does 12 divide 1576980?
True
Does 364 divide 74955?
False
Does 65 divide 6335?
False
Is 25073 a multiple of 9?
False
Does 23 divide 19412?
True
Does 60 divide 915844?
False
Is 398 a factor of 672620?
True
Does 10 divide 49573?
False
Does 334 divide 186706?
True
Is 982638 a multiple of 47?
False
Does 24 divide 1253057?
False
Is 395 a factor of 771560?
False
Is 31 a factor of 32705?
True
Does 121 divide 430839?
False
Does 1144 divide 11229863?
False
Is 75232 a multiple of 83?
False
Is 36080 a multiple of 440?
True
Is 575898 a multiple of 106?
True
Does 640 divide 5738240?
True
Is 271759 even?
False
Is 148525 a multiple of 325?
True
Does 168 divide 254856?
True
Is 140400 a multiple of 240?
True
Is 128838 a multiple of 109?
True
Is 1677802 a multiple of 14?
True
Is 383 a factor of 3041139?
False
Is 518 a factor of 551152?
True
Is 5182056 a multiple of 727?
True
Is 1246905 a multiple of 45?
True
Does 15 divide 41598?
False
Is 3485084 a multiple of 35?
False
Is 98816 a multiple of 386?
True
Is 173607 a multiple of 147?
True
Does 33 divide 217491?
False
Is 13 a factor of 20271030?
True
Is 12461 a multiple of 77?
False
Is 635 a factor of 318135?
True
Does 565 divide 1668606?
False
Does 10 divide 4326150?
True
Is 71 a factor of 14223997?
False
Is 370319 a multiple of 13?
False
Is 947674 a multiple of 254?
True
Is 10295856 a multiple of 72?
True
Is 593913 a multiple of 3?
True
Is 552 a factor of 1771368?
True
Does 37 divide 146133?
False
Is 251 a factor of 10984395?
False
Does 46 divide 107051?
False
Is 245 a factor of 96184?
False
Is 65 a factor of 8484?
False
Does 17 divide 20268?
False
Is 353 a factor of 1021229?
True
Is 362691 a multiple of 27?
True
Is 23379 a multiple of 3?
True
Is 2718917 a multiple of 397?
False
Does 50 divide 159926?
False
Is 27 a factor of 985932?
True
Is 5488704 a multiple of 936?
True
Is 1371 a factor of 26737242?
True
Is 5 a factor of 502295?
True
Is 3641758 a multiple of 81?
False
Is 2282777 a multiple of 14?
False
Is 2 a factor of 337914?
True
Is 2504048 a multiple of 152?
True
Is 29 a factor of 1581091?
False
Is 25 a factor of 6746425?
True
Does 28 divide 3082994?
False
Is 813497 a multiple of 54?
False
Is 15 a factor of 86435?
False
Is 46 a factor of 59596?
False
Is 1391899 a multiple of 153?
False
Is 6290 a multiple of 19?
False
Is 78120 a multiple of 60?
True
Is 240783 a multiple of 67?
False
Is 39 a factor of 2183298?
True
Is 1355900 a multiple of 4?
True
Is 1152780 a multiple of 5?
True
Is 7992048 a multiple of 492?
True
Is 141 a factor of 1783509?
True
Is 9090 a multiple of 4?
False
Does 324 divide 111780?
True
Is 429252 a multiple of 12?
True
Does 14 divide 125384?
True
Is 302 a factor of 154333?
False
Is 3271863 a multiple of 197?
False
Does 22 divide 11572?
True
Is 2683455 a multiple of 13?
False
Is 171 a factor of 1404594?
True
Is 24034 a multiple of 13?
False
Is 138 a factor of 51692?
False
Is 489492 a multiple of 9?
True
Does 33 divide 3553398?
False
Does 24 divide 274534?
False
Does 10 divide 542080?
True
Is 81579 a multiple of 383?
True
Does 49 divide 160279?
True
Is 193 a factor of 643076?
True
Is 1533 a factor of 4033137?
False
Does 84 divide 7033488?
True
Is 8 a factor of 3264960?
True
Is 100 a factor of 2954000?
True
Does 94 divide 74824?
True
Is 14479400 a multiple of 104?
True
Is 793321 a multiple of 139?
False
Does 231 divide 110649?
True
Is 99 a factor of 3743388?
True
Does 527 divide 7620734?
False
Does 165 divide 3438270?
True
Is 27 a factor of 36774?
True
Is 46041 a multiple of 9?
False
Does 8 divide 12016?
True
Is 124170 a multiple of 12?
False
Is 61061 a multiple of 180?
False
Is 26 a factor of 753701?
False
Is 92449 a multiple of 32?
False
Is 749 a factor of 826884?
False
Does 740 divide 1665?
False
Is 8 a factor of 219721?
False
Does 15 divide 118395?
True
Is 58 a factor of 36134?
True
Is 99 a factor of 54846?
True
Does 59 divide 1323960?
True
Is 62152 a multiple of 8?
True
Is 14 a factor of 485261?
False
Is 32279 a multiple of 13?
True
Does 15 divide 277395?
True
Does 13 divide 86567?
True
Is 4305177 a multiple of 503?
True
Is 442532 a multiple of 349?
True
Is 215 a factor of 107656?
False
Is 443 a factor of 19232845?
True
Is 873 a factor of 6117981?
False
Does 805 divide 389620?
True
Does 39 divide 2575264?
False
Is 4821080 a multiple of 138?
False
Is 2201069 a multiple of 10?
False
Is 7301742 a multiple of 21?
True
Is 33 a factor of 765732?
True
Is 377 a factor of 840333?
True
Does 41 divide 1894856?
True
Is 7217264 a multiple of 31?
False
Does 149 divide 4751759?
True
Is 170469 a multiple of 6?
False
Is 930336 a multiple of 352?
True
Does 11 divide 266585?
True
Is 1296750 a multiple of 250?
True
Does 43 divide 16270641?
True
Is 60984 a multiple of 231?
True
Is 41 a factor of 248050?
True
Does 179 divide 6085839?
False
Does 16 divide 1281582?
False
Does 42 divide 180866?
False
Is 370392 a multiple of 488?
True
Is 3228790 a multiple of 730?
True
Is 83148 a multiple of 52?
True
Is 73 a factor of 306746?
True
Is 284 a factor of 4592848?
True
Does 284 divide 1202172?
True
Is 132144 a multiple of 48?
True
Does 86 divide 3105718?
True
Does 16 divide 654160?
True
Does 91 divide 659841?
True
Is 370980 a multiple of 180?
True
Is 140275 a multiple of 5?
True
Is 9033954 a multiple of 8?
False
Is 52328 a multiple of 31?
True
Is 1105784 a multiple of 12?
False
Is 809974 a multiple of 28?
False
Is 1008 a factor of 5804093?
False
Is 225 a factor of 950491?
False
Is 629 a factor of 13942465?
False
Does 23 divide 3088900?
True
Is 18060 a multiple of 4?
True
Does 326 divide 725676?
True
Is 50 a factor of 3155600?
True
Is 47 a factor of 2960847?
False
Is 1635375 a multiple of 25?
True
Is 967 a factor of 3361323?
False
Is 21 a factor of 50922?
False
Is 21919 a multiple of 5?
False
Is 41 a factor of 1159317?
False
Is 7169119 a multiple of 234?
False
Is 76405 a multiple of 321?
False
Is 4 a factor of 54396?
True
Is 298 a factor of 1107647?
False
Is 45 a factor of 29673?
False
Is 6 a factor of 14771767?
False
Is 9 a factor of 58176?
True
Does 13 divide 357682?
True
Does 32 divide 4360392?
False
Is 1227000 a multiple of 5?
True
Is 222 a factor of 154068?
True
Is 1348656 a multiple of 12?
True
Does 623 divide 1551377?
False
Is 128 a factor of 1050443?
False
Does 112 divide 775712?
True
Is 34397 a multiple of 2?
False
Does 14 divide 625742?
False
Does 112 divide 783660?
False
Does 674 divide 882266?
True
Does 7 divide 141506?
False
Does 22 divide 107030?
True
Is 42668 a multiple of 8?
False
Does 159 divide 715044?
False
Is 1688687 a multiple of 397?
False
Is 776850 a multiple of 75?
True
Is 3 a factor of 62464?
False
Is 15 a factor of 675585?
True
Is 153 a factor of 231123?
False
Does 9 divide 234668?
False
Does 190 divide 246253?
False
Is 201736 a multiple of 149?
False
Is 35 a factor of 850527?
False
Is 2129480 a multiple of 383?
True
Is 527 a factor of 1314865?
True
Does 10 divide 9